**3/6 - 7*n**2/2 + 10*n. Let h be v(10). Suppose h*c + 310 = 5*j, -j + 248 = 3*j - 2*c. What is the units digit of j?
2
Let g = 25084 - 8982. What is the thousands digit of g?
6
Let c = 2209 - 1534. Suppose -675 = -5*o - 2*t, 5*o - c = -2*t - 3*t. What is the tens digit of o?
3
Suppose b - 3*t - 16 = -0*b, -12 = b + 4*t. Suppose -m + 2 = m, -b*r - 4*m = 144. Let n = r + 119. What is the units digit of n?
2
Suppose -5*b = 21*c - 26*c + 14875, 4*c - 11876 = -2*b. What is the tens digit of c?
7
Let i be 56/(-2) + (-30)/(-6). Let j = 57 + i. Suppose 126 = 5*w - j. What is the tens digit of w?
3
Let y be (-20386)/(-12) - ((-37)/6)/37. Suppose -5*f + 7*f + n = y, 5*n + 25 = 0. What is the hundreds digit of f?
8
Let j(y) be the third derivative of -y**2 - 6*y**3 - 37/24*y**4 + 0*y + 0. What is the tens digit of j(-7)?
2
Let f(g) = g**3 + 8*g**2 - 21*g - 6. Let k be f(-10). Suppose -4*s + 2*o - 30 = 0, k*s - 4*o + 20 = -0*s. What is the units digit of (4 - 152/(-10))/((-3)/s)?
4
Let p be (6/(-5))/((-12)/200). Suppose z + 36 - 136 = 2*o, 304 = 3*z - 5*o. Suppose z = 4*g - p. What is the tens digit of g?
3
Let b(z) = -9*z + 322. Let j be b(36). What is the units digit of -19 + 22 - 722/(j + 0)?
4
Suppose -s + z = -3*s - 212, -2*s = -5*z + 236. Let x be 3/(-6 + 3) + 1 + s. Let a = 140 + x. What is the units digit of a?
2
Let a(r) = 2*r**3 - 19*r**2 + 20*r - 5. Let n be a(13). Suppose -y - 10 = y, -5*y = -3*u + n. Let f = -292 + u. What is the tens digit of f?
7
Suppose -3*z + 1167 = 5*p - 644, -3 = z. Let j be (243 + 1)*11/(-55)*5. Let d = p + j. What is the tens digit of d?
2
Let q(d) = d**3 + 47*d**2 + 46*d. Let g be q(-46). Suppose 8*r - 432 - 1112 = g. What is the units digit of r?
3
Suppose -t + 4*z = -45, -45 = 6*t - 7*t - 4*z. Suppose -38*q + t*q = 5761. What is the tens digit of q?
2
Let b be (10/40)/((-1)/(-2404)). Suppose 0 = -7*d + b + 1037. What is the hundreds digit of d?
2
Suppose -5*o + 418 = 2*s + 63, -4*o - 3*s = -277. What is the units digit of o?
3
Suppose 5*k + 4*r + 4289 = 0, 5*k + 2050 + 2263 = 2*r. Let u = -479 - k. What is the hundreds digit of u?
3
Let z be 2/(-11) - 55130/(-110). Let a = z + 38. What is the tens digit of a?
3
Let m(j) = -16*j**3 - 16*j**2 - 235*j + 1. What is the hundreds digit of m(-8)?
0
Let i be (-3)/(3 + 27/(-6)). Suppose m - 3*c = i*c + 378, m - 378 = 3*c. What is the hundreds digit of m?
3
Let y(c) be the first derivative of -20*c**2 - 59*c - 73. What is the units digit of y(-5)?
1
Let s(d) = -76*d + 992. What is the tens digit of s(9)?
0
Let y(q) = 0*q - 1 + 12*q**2 + 6*q + 11 - 10*q. What is the hundreds digit of y(-8)?
8
Suppose 244*v - 114 = 187*v. Suppose 2*s + 34 = 98. Suppose l - v - s = 0. What is the tens digit of l?
3
Let c = 36000 - 12016. What is the hundreds digit of c?
9
Suppose 5*t - 22 = q, -q - 5*t = -0*t - 18. Let n = 94 + q. What is the tens digit of n?
9
Let z(k) = -18*k**2 + 10*k**2 - 11*k**2 + 1 + 4*k. Let u be z(3). Let b = 271 + u. What is the units digit of b?
3
Suppose 0 = -3*i + 4*z - 85, -2*i - 51 = 5*z + 21. Let c = i + 33. Suppose -5*a + 196 = c*a. What is the units digit of a?
8
Suppose 2*o - 4*o = 4*y - 21834, -4*o = -12. What is the units digit of y?
7
Let t = -51791 - -89315. What is the units digit of t?
4
Suppose -53*f - 2226 = -230444. Let j = f - 2659. What is the thousands digit of j?
1
Let w be -578*(2 - 5/2). Suppose -20*q - 326 = -22*q - 4*o, 2*o - 332 = -2*q. Let s = w - q. What is the units digit of s?
0
Let a(b) = 5540*b**2 - 9*b - 5. What is the units digit of a(1)?
6
Let w(b) = -b**2 + 6*b. Let u be w(6). Suppose -5*t = 25, u = n + 3*t - 8*t - 138. What is the hundreds digit of n?
1
Let y(t) = 8*t - 20. Let j(l) = -l**2 + 4*l - 3. Let w(b) = -b**2 + 3*b - 3. Let z(q) = 4*j(q) - 3*w(q). Let x be z(3). What is the units digit of y(x)?
2
Let t(w) = 30*w**3 - 2*w**2 + 34*w + 30. What is the thousands digit of t(13)?
6
Suppose 0 = -7*k - 155 + 134. What is the units digit of 164/(-123) + (-1492)/k + 0?
6
Let b = -78 - -500. Let g = -374 + b. What is the units digit of g?
8
Suppose -525 = -4*q - 5*j + 878, 0 = -j - 1. Suppose -13 = -5*m - 3*c, -8 = -0*c + 2*c. Suppose m*l = l + q. What is the tens digit of l?
8
Suppose -2*p + 1468 = -4*o, -2*o = -o - 5*p + 358. Let f = o - -677. What is the units digit of f?
9
Suppose 4*u - 3*y = 21, u - 5*u - 2*y = -46. Suppose -u*a = -2*a - 1974. What is the tens digit of a?
8
Suppose 427 = 9*j - 3380. Suppose -260 - j = -5*g - 2*x, 5*x = g - 115. What is the tens digit of g?
3
Let b(h) = 692*h + 3066. What is the hundreds digit of b(34)?
5
Suppose -3*r = 3*g - 24, -5*g + 28 = 2*r - r. Suppose 13*z - 21 = g. What is the hundreds digit of (z/(-6))/(12/(-5652))?
1
Let u be (-178)/(-6) + 32/24. Let p(j) = j**2 - 10*j - 236. What is the hundreds digit of p(u)?
4
Suppose 159*y = 171*y. Suppose 23*m - 25*m + 984 = y. What is the hundreds digit of m?
4
Suppose 26*r + 2*r - 35059 - 59105 = 0. What is the tens digit of r?
6
Let p be 13/(-13) - (-1 + -197). What is the tens digit of 20/(-16) + (-2)/(-8) + p?
9
Suppose c = l + 4*l - 5955, c - 3565 = -3*l. Suppose 168*m - l = 167*m. What is the units digit of m?
0
Let d(m) = 46*m**2 + 1. Let n be d(1). Suppose -10 = 2*q, 0 = -3*h - h + 3*q + n. Let a(y) = y**3 - 6*y**2 - 4*y - 3. What is the units digit of a(h)?
3
Suppose -5*u - 2*l = -10150, 2017 = u - 0*u + 3*l. Suppose -10*r - 6*r = -u. What is the units digit of r?
7
Let c(a) = a**2 + 4*a - 26. Let b be c(9). Let i be 2/(-13) + 11116/b. Let r = i - 106. What is the units digit of r?
6
Let x(h) = 127*h - 115. Let c(a) = 63*a - 58. Let b(s) = -13*c(s) + 6*x(s). What is the hundreds digit of b(-5)?
3
Let t be 0/(4 + 4 + 12/(-2)). What is the units digit of -7 + (684 - -6) + t?
3
Suppose 12*x = 45*x + 825. What is the units digit of (-56)/10*(x + 5)?
2
Let i = 28 - 46. Let b be 800/36 + 0 - (-4)/i. Suppose 0 = 24*n - b*n - 164. What is the units digit of n?
2
Let a be 8/10 + 16/(-20). Let b be (-3)/((-3)/65) - a. Let q = b - -2. What is the units digit of q?
7
Let h be ((-21)/(-42))/(-2 + (-57)/(-28)). Suppose -18*s = -h*s - 72. What is the tens digit of s?
1
Let a = 68 + -43. Suppose 9*g - a*g = 288. What is the tens digit of (0 - -350)*(-3 - 63/g)?
7
Let c(z) = -5*z**3 + 10*z**2 + 7*z - 38. What is the hundreds digit of c(-8)?
1
Let v be (1 + 8/(-12))*9. Suppose 0 = -5*p - c - v*c + 859, c - 1 = 0. What is the tens digit of p?
7
What is the thousands digit of ((-3193248)/(-80))/2 - (-4)/(-5)?
9
Let z be (-1 + 3)*(0 - 5). Let i be (-272)/z + (-20)/100. Suppose -c = i - 77. What is the units digit of c?
0
Let a(y) = y**2 - 10*y + 22. Let m be a(9). Let w(x) = 23*x + m + 24 + 3. What is the units digit of w(7)?
1
Let c(j) = 778*j + 995. What is the hundreds digit of c(17)?
2
Let w(r) = 10*r**3 + 3*r**2 + r - 2. Let g(b) = -42*b**3 - 12*b**2 - 5*b + 7. Let m(i) = 4*g(i) + 18*w(i). What is the hundreds digit of m(3)?
3
Suppose -3*r + 3*u + 11421 + 2808 = 0, 3*u + 23727 = 5*r. What is the units digit of r?
9
Suppose h + 3*o - 2 = 0, 0 = -h + 4*o - 3*o + 6. Suppose 1831 = h*s - 3*z, 9*s + 1823 = 14*s + z. What is the units digit of s?
5
Suppose -10*u - 5*f + 4408 = -13*u, 2*u + 2964 = -3*f. Let i = 2766 + u. What is the thousands digit of i?
1
Let p(g) = -2*g**2 + 6*g + 61. Let c(x) = -x**2 + 2*x + 31. Let w(s) = -14*c(s) + 6*p(s). What is the hundreds digit of w(13)?
3
Suppose 4*w - 13 - 51 = 0. Let t be 141*(w/3 - 4). Suppose -3*l = -a - t, 3*l + 4 = -4*a + 197. What is the tens digit of l?
6
Let o be (22 - 19)/(1 - 0). Suppose 0 = o*b + 15, 2*t - 2*b = 332 - 80. Suppose c = -2*j + 270, -2*c - c = -j + t. What is the tens digit of j?
3
Suppose -4 - 6 = -5*i. Suppose -z + 4 = i. What is the units digit of 9/z*-51*(-2)/9?
1
Suppose -4*i + 5 = -3. Let l be 136 - 2/(-2*2/i). Let t = l + -82. What is the units digit of t?
5
What is the units digit of -23 + (9 - (-25294 + -22))?
2
Let t = -25 + -2. Let u be (-129)/t + -2 + 12/54. Suppose j + u*q = 2*j - 96, 4*q - 448 = -4*j. What is the units digit of j?
8
Let c be 162/(-90)*40/(-6). Suppose c*b - 57240 = -42*b. What is the thousands digit of b?
1
Suppose -v = 8*v. Suppose v*g = -4*g - 20. Let n(w) = -21*w + 10. What is the hundreds digit of n(g)?
1
What is the units digit of -4 - -42193 - (-500)